26
Let c be 5 + -5 + 2 + 4. Calculate the highest common divisor of 6 and c.
6
Let u(i) = -56*i. Suppose -5*d - 23 - 22 = 0. Let r be u(d). What is the highest common factor of r and 56?
56
Suppose -2*a + 4 + 20 = 0. Suppose -5*r = -5*j + 495, -5*j - 5*r = -0*r - 455. Suppose j = i - 13. What is the highest common divisor of i and a?
12
Suppose -139 = -3*s - 4*j, -11*j = s - 6*j - 50. Calculate the greatest common divisor of s and 279.
9
Let f(b) = -b + 6. Suppose -q - 5 = h, 2*h - 3 - 5 = q. Let v be f(q). Let m = 14 + v. Calculate the highest common divisor of 26 and m.
26
Suppose -6125 = -11*t - 5729. Suppose -g - 2*g - 66 = 0. Let x = g - -40. Calculate the greatest common factor of t and x.
18
Let b be 6 + -7 + 903 - 2. What is the greatest common divisor of b and 8?
4
Suppose -4*z = -0*z - 64. What is the greatest common divisor of z and 80?
16
Let n be 3/((-4)/4) + 63. Suppose 0*g + 4*g = 0. Suppose g = -o + 3*o - 40. Calculate the greatest common factor of n and o.
20
Let g(x) = -11*x + 230. Let t be g(10). Let k(h) = 31*h**2 + 2*h + 1. Let d be k(-1). What is the greatest common divisor of d and t?
30
Suppose 0 = -76*q + 4834 + 2006. Calculate the highest common divisor of 60 and q.
30
Suppose -w = -4*f - 0 - 61, 4*f + 81 = 5*w. Let l be 14/49 - (-88)/f. Let y be (-1205)/(-45) + l/(-27). What is the greatest common factor of y and 3?
3
Let z(n) = 3*n**2 + 31*n + 5. Let h be z(-12). Calculate the greatest common divisor of 338 and h.
13
Let k(x) = -x**3 - 5*x**2 - 4*x - 7. Let g be k(-5). Suppose -108*m = -109*m + 29. Suppose 24*d = m*d - 520. What is the greatest common divisor of d and g?
13
Let u(y) = 41*y**2 + 7*y - 6. Let d be u(1). Suppose 98 = 2*n - d. Calculate the highest common factor of n and 175.
35
Suppose 0*u + 72 = 4*u. What is the highest common factor of 234 and u?
18
Let f be (3 - -1) + 4/(-2). Suppose f*a - 1 = 7. Let y be (3 + (-10)/8)*a. What is the highest common divisor of y and 7?
7
Let t be 160*(108/20 + (-9 - -4)). Let v be 2*2/12*3. Let l be 1 + v + 7*2. What is the greatest common divisor of t and l?
16
Let i = -283 + 409. What is the greatest common factor of i and 28?
14
Suppose -280 = 4*a - 3*q - 46, -5*q + 290 = -5*a. Let x = a + 68. Let r = -1 + 13. What is the highest common factor of r and x?
4
Let r be ((-6)/4)/((-18)/(-984)). Let y = 133 + r. Suppose 0*i = -2*i + 68. What is the highest common divisor of y and i?
17
Suppose -2*i + 230 = 3*i. Let a = 96 - i. Suppose 0 = 5*k + a - 230. What is the highest common factor of 90 and k?
18
Let i(x) = -x**3 + 8*x**2 + 10*x - 2. Let l be i(9). Suppose -l*v + 429 + 61 = 0. What is the highest common factor of 14 and v?
14
Let n(l) = -2*l - 13. Let a be 15 - (3 + -2) - 3. Let g(b) = -b + 3. Let y be g(a). Let x be n(y). Calculate the greatest common factor of 1 and x.
1
Let r(t) = t**2 - 2*t - 3. Let p be r(4). Suppose -2*k - p*x = 2 - 9, -5*k = -4*x - 1. Suppose -1 = -3*y + 2. Calculate the greatest common factor of y and k.
1
Let a(y) be the first derivative of -y**2 - 18*y + 23. Let j be a(-18). What is the greatest common divisor of 18 and j?
18
Suppose f + 1 = 2*h, -5*h + 9 = 2*f + 2*f. Suppose f - 10 = -3*a. Suppose -a*p + 97 = 19. What is the highest common divisor of p and 182?
26
Suppose 0 = 4*u + 4*h - 44, 4*u - 5*h = -0*h - 1. Let o(m) = -m + 48. Let s be o(0). What is the greatest common factor of u and s?
6
Suppose 0 = -y - 2*l + 150, 35*y - l = 39*y - 579. Suppose 27 = -4*z + 99. Calculate the greatest common divisor of y and z.
18
Suppose 2*s - 28 = -2*s. Suppose -z = 5*d + 114, d + 2*d = -6. Let p = z + 132. Calculate the highest common factor of s and p.
7
Suppose 52*n + 6 = 54*n. Let u(g) = -g**3 + 3*g**2 + 2*g + 6. Let a be u(n). What is the greatest common divisor of 276 and a?
12
Suppose 11 - 66 = -5*n. Let s(w) = 4*w**3 + 26*w**2 + 8*w - 2. Let m be s(-6). What is the highest common divisor of n and m?
11
Suppose -2*n = -4*n + r + 184, 102 = n - 3*r. Calculate the highest common divisor of n and 1440.
90
Suppose 14*b - 115 = 277. Let q(w) = 3*w + 3. Let j be q(6). Calculate the greatest common factor of b and j.
7
Let w(t) = t**3 - 7*t**2 - 21*t + 176. Let r be w(6). Let l be 14/3*(-51)/(-2). What is the greatest common divisor of r and l?
7
Let t = 82 + -54. Suppose -17*z = -22*z + 50. Suppose 3*q + 2*h - 27 = 0, -3*q - 1 = -4*h - z. What is the highest common divisor of t and q?
7
Let g(w) be the third derivative of 0*w + 0 + 1/8*w**4 - 2*w**2 - 1/6*w**3. Let b be g(2). What is the highest common factor of 55 and b?
5
Let i(r) = r**2 + 3*r - 2*r + 0*r**2 + 5*r**2 + 1. Let a be i(-1). Let o(p) = 2*p**2 - 8*p - 2. Let j be o(a). What is the highest common divisor of j and 11?
11
Let u(y) = -3*y**2 - 7*y + 1. Let p be u(-5). Let s = p + 77. Calculate the greatest common divisor of 76 and s.
38
Suppose -4*x + 27 = 4*t + t, -4*x - 15 = -t. Suppose -t*f + 12*f + 20 = 0. Let b be 1*f/2 + 117. Calculate the highest common divisor of 23 and b.
23
Let i(x) be the second derivative of x**4/12 - 7*x**3/6 - 10*x**2 - 46*x. Let g be i(-6). What is the highest common divisor of 87 and g?
29
Let j = -6 + 8. Suppose c + c = -j. Let a be (c - 29)*(-24)/18. What is the greatest common divisor of 16 and a?
8
Let k = -15 - -32. Let p = k + -11. What is the highest common factor of 24 and p?
6
Suppose 4*t + 16 = -16. Let w(n) = n**2 + 3*n. Let l be w(t). Suppose 2*q + 2*b - 20 + 2 = 0, 4*b - 28 = -3*q. Calculate the highest common divisor of q and l.
8
Let d(v) = v**3 - 6*v**2 - v + 63. Let r be d(9). What is the highest common factor of 66 and r?
33
Suppose -2*d + 2*y + 77 = y, -d + 2*y = -31. What is the highest common divisor of d and 205?
41
Suppose -5*s + 67 = -i, 31*s - 19 = 30*s + 3*i. What is the highest common factor of 169 and s?
13
Suppose 11*q - 87 = 34. Let t(s) = -27 + 5*s - 3*s - 3*s + 6*s. Let m be t(q). What is the greatest common divisor of 224 and m?
28
Let p be (1/(-2))/((-2)/60*3). Suppose -p*v - 2*d + 42 = -28, 3*v + 4*d = 56. Calculate the greatest common factor of 24 and v.
12
Suppose 3*g + c - 58 = 0, 5*c - 55 = 5*g - 165. Calculate the highest common factor of g and 124.
4
Let i = 168 - 25. Suppose 3*p - 8*p = -65. What is the highest common divisor of i and p?
13
Let p be (-4 - -10)/1 + 4. Suppose 0 = -p*u + 8*u + 12. Let d = u - 0. What is the highest common divisor of 3 and d?
3
Let u = -155 + 260. Let f(a) = -a**2 + 7*a - 5. Let y be f(5). Suppose y*s - 63 - 12 = 0. What is the greatest common factor of u and s?
15
Let w be -4 - (-114)/8 - 5/20. Let u(z) be the first derivative of 3*z**2/2 + 7*z + 2. Let f be u(6). What is the highest common divisor of f and w?
5
Let h(z) = -z**3 - 8*z**2 - 8*z + 7. Let u = 2 - 9. Let d be h(u). Let y be (-14)/5*(2 - 7). Calculate the greatest common factor of d and y.
14
Suppose 101 = 5*j - 3*i - 236, 5*j - 305 = -5*i. What is the greatest common divisor of 143 and j?
13
Let l be 20 + -1 + (5 - 4). Let f(z) = 3*z - 40. Let n be f(l). What is the highest common divisor of n and 10?
10
Let u = -2135 - -2146. Let h(x) = x**3 + 4*x**2 - 8*x - 4. Let b be h(-5). Calculate the highest common divisor of u and b.
11
Let a be ((-40)/(-5) + -22)/(-1 + 2). Let r = -34 + 10. Let w = a - r. Calculate the greatest common divisor of w and 70.
10
Suppose -6*d = -5*d - 24. What is the highest common divisor of 32 and d?
8
Suppose 0 = -5*p + 21 - 1. Suppose -p = -6*d + 20. Suppose 2*g - 3*k - 8 - 48 = 0, -g = -5*k - 28. What is the greatest common factor of d and g?
4
Suppose -2*d + 7*d = 4*m - 3900, 2*d + 975 = m. Suppose m = 4*c - v, -5*c - 169 = 5*v - 1419. What is the greatest common divisor of 35 and c?
35
Let t(y) = 31*y**3 + 6*y**2 - 2*y + 7. Let s(x) = -x**3 - x**2 - 1. Let q(l) = 6*s(l) + t(l). Let u be q(1). What is the greatest common divisor of 96 and u?
24
Let l(r) = -11*r + 92. Let z be l(7). Let t(m) = -2*m**3 + m + 1. Let n be t(-2). Calculate the greatest common factor of z and n.
15
Suppose r + 8 - 65 = 0. Let s = r + -40. Let f(i) = -44*i - 385. Let u be f(-13). Calculate the greatest common factor of u and s.
17
Suppose -2*m = -51 - 11. Let q = 76 - m. What is the highest common factor of 15 and q?
15
Let y(i) = -2*i**3 - 6*i**2 - i - 4. Let z be y(-4). Let p = z + 51. Suppose 5*m = p - 